{"id":8543,"date":"2024-05-12T13:28:40","date_gmt":"2024-05-12T11:28:40","guid":{"rendered":"https:\/\/thehollywoodnight.com\/?page_id=8543"},"modified":"2024-10-06T12:21:59","modified_gmt":"2024-10-06T10:21:59","slug":"references-des-etats","status":"publish","type":"page","link":"https:\/\/thehollywoodnight.com\/index.php\/references-des-etats\/","title":{"rendered":"R\u00e9f\u00e9rences Des Etats"},"content":{"rendered":"\n<p><strong><em><a href=\"https:\/\/thehollywoodnight.com\/index.php\/categorie-produit\/photo\/?v=910955a907e7\" data-type=\"link\" data-id=\"https:\/\/thehollywoodnight.com\/index.php\/categorie-produit\/photo\/?v=910955a907e7\">PHOTO \/ PICTURE<\/a><\/em><\/strong><\/p>\n\n\n\n<p><strong>P1<\/strong> : parfait \/ perfect<\/p>\n\n\n\n<p><strong>P2<\/strong> : bon \/ good<\/p>\n\n\n\n<p><strong>P3<\/strong> : photo punais\u00e9 \/ pinned picture <\/p>\n\n\n\n<p><strong>P4<\/strong> : photo avec du papier collant \/ picture with sticky paper<\/p>\n\n\n\n<p><strong>P5<\/strong> : d\u00e9chirure \/ tear<\/p>\n\n\n\n<p><strong>P6<\/strong> : pliure \/ fold<\/p>\n\n\n\n<p><\/p>\n\n\n\n<p><strong><em><a href=\"https:\/\/thehollywoodnight.com\/index.php\/categorie-produit\/magazine\/?v=910955a907e7\" data-type=\"link\" data-id=\"https:\/\/thehollywoodnight.com\/index.php\/categorie-produit\/magazine\/?v=910955a907e7\">REVUE \/ MAGAZINE<\/a><\/em><\/strong><\/p>\n\n\n\n<p><strong>R1<\/strong> : \u00e9tat neuf \/ new condition<\/p>\n\n\n\n<p><strong>R2<\/strong> : bon \u00e9tat \/ good condition<\/p>\n\n\n\n<p><strong>R3<\/strong> : l\u00e9g\u00e8rement abim\u00e9 \/ slightly damaged<\/p>\n\n\n\n<p><strong>R4<\/strong> : abim\u00e9 \/ damaged<\/p>\n\n\n\n<p><strong>R5<\/strong> : d\u00e9chirure \/ tear<\/p>\n\n\n\n<p><strong>R6<\/strong> : pliure \/ fold<\/p>\n\n\n\n<p><\/p>\n\n\n\n<p><strong><em><a href=\"https:\/\/thehollywoodnight.com\/index.php\/categorie-produit\/affiche\/?v=910955a907e7\" data-type=\"link\" data-id=\"https:\/\/thehollywoodnight.com\/index.php\/categorie-produit\/affiche\/?v=910955a907e7\">AFFICHE \/ POSTER<\/a><\/em><\/strong><\/p>\n\n\n\n<p><strong>AF1<\/strong> : neuve \/ new<\/p>\n\n\n\n<p><strong>AF2<\/strong> : comme neuve \/ like new<\/p>\n\n\n\n<p><strong>AF3<\/strong> : trou d&rsquo;attache &#8211; punaise \/ attachment hole &#8211; pinned<\/p>\n\n\n\n<p><strong>AF4<\/strong> : papier collant \/ sticky paper<\/p>\n\n\n\n<p><strong>AF5<\/strong> : d\u00e9coloration \/ discoloration<\/p>\n\n\n\n<p><strong>AF6<\/strong> : d\u00e9chirure l\u00e9g\u00e8re \/ slight tear<\/p>\n\n\n\n<p><strong>AF7<\/strong> : d\u00e9chirure importante \/ significant tear<\/p>\n\n\n\n<p><strong>AF8<\/strong> : tr\u00e8s abim\u00e9 \/ very damaged<\/p>\n\n\n\n<p><strong>AF9<\/strong> : usure du temps \/ wear and tear of time<\/p>\n\n\n\n<p><\/p>\n\n\n\n<p><strong><em><a href=\"https:\/\/thehollywoodnight.com\/index.php\/categorie-produit\/divers-miscellaneous\/?v=910955a907e7\" data-type=\"link\" data-id=\"https:\/\/thehollywoodnight.com\/index.php\/categorie-produit\/divers-miscellaneous\/?v=910955a907e7\">DIVERS \/ MISCELLANEOUS<\/a><\/em><\/strong><\/p>\n\n\n\n<p><strong>D1<\/strong> : neuf \/ new<\/p>\n\n\n\n<p><strong>D2<\/strong> : tres bon \u00e9tat \/ very good condition<\/p>\n\n\n\n<p><strong>D3<\/strong> : bon \u00e9tat \/ good condition<\/p>\n\n\n\n<p><strong>D4<\/strong> : l\u00e9g\u00e8rement abim\u00e9 \/ slightly damaged<\/p>\n\n\n\n<p><strong>D5<\/strong> : abim\u00e9 \/ damaged<\/p>\n","protected":false},"excerpt":{"rendered":"<p>PHOTO \/ PICTURE P1 : parfait \/ perfect P2 : bon \/ good P3 : photo punais\u00e9 \/ pinned picture P4 : photo avec du papier collant \/ picture with sticky paper P5 : d\u00e9chirure \/ tear P6 : pliure \/ fold REVUE \/ MAGAZINE R1 : \u00e9tat neuf \/ new condition R2 : bon [&hellip;]<\/p>\n","protected":false},"author":1,"featured_media":0,"parent":0,"menu_order":0,"comment_status":"closed","ping_status":"closed","template":"","meta":{"om_disable_all_campaigns":false,"_monsterinsights_skip_tracking":false,"_monsterinsights_sitenote_active":false,"_monsterinsights_sitenote_note":"","_monsterinsights_sitenote_category":0,"footnotes":""},"class_list":["post-8543","page","type-page","status-publish","hentry"],"aioseo_notices":[],"jetpack_sharing_enabled":true,"_links":{"self":[{"href":"https:\/\/thehollywoodnight.com\/index.php\/wp-json\/wp\/v2\/pages\/8543","targetHints":{"allow":["GET"]}}],"collection":[{"href":"https:\/\/thehollywoodnight.com\/index.php\/wp-json\/wp\/v2\/pages"}],"about":[{"href":"https:\/\/thehollywoodnight.com\/index.php\/wp-json\/wp\/v2\/types\/page"}],"author":[{"embeddable":true,"href":"https:\/\/thehollywoodnight.com\/index.php\/wp-json\/wp\/v2\/users\/1"}],"replies":[{"embeddable":true,"href":"https:\/\/thehollywoodnight.com\/index.php\/wp-json\/wp\/v2\/comments?post=8543"}],"version-history":[{"count":4,"href":"https:\/\/thehollywoodnight.com\/index.php\/wp-json\/wp\/v2\/pages\/8543\/revisions"}],"predecessor-version":[{"id":12412,"href":"https:\/\/thehollywoodnight.com\/index.php\/wp-json\/wp\/v2\/pages\/8543\/revisions\/12412"}],"wp:attachment":[{"href":"https:\/\/thehollywoodnight.com\/index.php\/wp-json\/wp\/v2\/media?parent=8543"}],"curies":[{"name":"wp","href":"https:\/\/api.w.org\/{rel}","templated":true}]}}